{"id":563,"date":"2017-11-14T18:14:28","date_gmt":"2017-11-14T16:14:28","guid":{"rendered":"https:\/\/mv-cup.de\/?page_id=563"},"modified":"2017-11-14T18:14:28","modified_gmt":"2017-11-14T16:14:28","slug":"teilnehmer-2017","status":"publish","type":"page","link":"https:\/\/mv-cup.de\/?page_id=563","title":{"rendered":"Teilnehmer 2017"},"content":{"rendered":"<p style=\"text-align: center;\">Hohen Viecheln (M\u00e4nner)<\/p>\n<p style=\"text-align: center;\">Kummer (M\u00e4nner)<\/p>\n<p style=\"text-align: center;\">Reisegruppe Fw Leezen (M\u00e4nner)<\/p>\n<p style=\"text-align: center;\">Gresse (Frauen)<\/p>\n<p style=\"text-align: center;\">Spornitz (M\u00e4nner)<\/p>\n<p style=\"text-align: center;\">Wettkampfteam Amt Anklam Land (M\u00e4nner)<\/p>\n<p style=\"text-align: center;\">FF Schwerin-Warnitz (M\u00e4nner)<\/p>\n<p style=\"text-align: center;\">Hohewisch (M\u00e4nner)<\/p>\n<p style=\"text-align: center;\">Techentin \u00a0(M\u00e4nner)<\/p>\n<p style=\"text-align: center;\">Gro\u00df Warnow (M\u00e4nner)<\/p>\n<p style=\"text-align: center;\">Stove (M\u00e4nner)<\/p>\n<p style=\"text-align: center;\">Stove (Frauen)<\/p>\n<p style=\"text-align: center;\">Kuhlenfeld (M\u00e4nner)<\/p>\n<p style=\"text-align: center;\">Team Boizetal (M\u00e4nner)<\/p>\n<p style=\"text-align: center;\">Schildetal (M\u00e4nner)<\/p>\n<p style=\"text-align: center;\">Herrnburg (M\u00e4nner)<\/p>\n<p style=\"text-align: center;\">Rostock (Frauen)<\/p>\n<p style=\"text-align: center;\">Rostock \u00a0(M\u00e4nner)<\/p>\n","protected":false},"excerpt":{"rendered":"<p>Hohen Viecheln (M\u00e4nner) Kummer (M\u00e4nner) Reisegruppe Fw Leezen (M\u00e4nner) Gresse (Frauen) Spornitz (M\u00e4nner) Wettkampfteam Amt Anklam Land (M\u00e4nner) FF Schwerin-Warnitz (M\u00e4nner) Hohewisch (M\u00e4nner) Techentin \u00a0(M\u00e4nner) Gro\u00df Warnow (M\u00e4nner) Stove (M\u00e4nner) Stove (Frauen) Kuhlenfeld (M\u00e4nner) Team Boizetal (M\u00e4nner) Schildetal (M\u00e4nner) Herrnburg &hellip; <a href=\"https:\/\/mv-cup.de\/?page_id=563\">Continue reading <span class=\"meta-nav\">&rarr;<\/span><\/a><\/p>\n","protected":false},"author":2,"featured_media":0,"parent":269,"menu_order":0,"comment_status":"closed","ping_status":"closed","template":"","meta":[],"_links":{"self":[{"href":"https:\/\/mv-cup.de\/index.php?rest_route=\/wp\/v2\/pages\/563"}],"collection":[{"href":"https:\/\/mv-cup.de\/index.php?rest_route=\/wp\/v2\/pages"}],"about":[{"href":"https:\/\/mv-cup.de\/index.php?rest_route=\/wp\/v2\/types\/page"}],"author":[{"embeddable":true,"href":"https:\/\/mv-cup.de\/index.php?rest_route=\/wp\/v2\/users\/2"}],"replies":[{"embeddable":true,"href":"https:\/\/mv-cup.de\/index.php?rest_route=%2Fwp%2Fv2%2Fcomments&post=563"}],"version-history":[{"count":1,"href":"https:\/\/mv-cup.de\/index.php?rest_route=\/wp\/v2\/pages\/563\/revisions"}],"predecessor-version":[{"id":564,"href":"https:\/\/mv-cup.de\/index.php?rest_route=\/wp\/v2\/pages\/563\/revisions\/564"}],"up":[{"embeddable":true,"href":"https:\/\/mv-cup.de\/index.php?rest_route=\/wp\/v2\/pages\/269"}],"wp:attachment":[{"href":"https:\/\/mv-cup.de\/index.php?rest_route=%2Fwp%2Fv2%2Fmedia&parent=563"}],"curies":[{"name":"wp","href":"https:\/\/api.w.org\/{rel}","templated":true}]}}